 z(b) = 3*b + 483 + b**3 - 16*b**2 + 18*b**2 - 109. What is the units digit of z(0)?
4
Let d(m) = -m**2 - 16*m - 9. Let o be d(-15). Let x(z) = -3*z**2 + 18*z - 7. Let b be x(o). What is the tens digit of (-2)/b + (5 - (-3576)/28)?
3
What is the thousands digit of 2*(-1 + 18/22 - (-12037008)/1056)?
2
Let z(f) = 333*f - 33. Let j be z(5). Suppose j = 8*a + 56. What is the units digit of a?
7
Let j be (160/(-64))/((-5)/8). Suppose j*p + 847 = 8015. What is the hundreds digit of p?
7
Suppose -17*g - 43283 = 87263 - 592776. What is the hundreds digit of g?
1
Let i(p) = -p**3 + 2*p**2 + 2*p. Let x be i(2). Suppose -4*r = 2*j - x*j - 138, j + 68 = r. Let o = 135 + j. What is the tens digit of o?
6
What is the hundreds digit of -1 - 86*(-187)/2 - 3?
0
Let x(i) = 15*i**2 - 69*i - 64. What is the thousands digit of x(22)?
5
Suppose z - 170 = -68. What is the units digit of 1*(-7 + z - 2)?
3
Let h(o) be the first derivative of -o**2/2 + 8*o + 7. Let k be h(5). Suppose 125 + 226 = k*p. What is the tens digit of p?
1
Let z be (-31)/(3/585*-3). Suppose -3*s + 4*s = 0, -z = -5*n - 2*s. What is the tens digit of n?
0
Let g be (6/27)/1 + 79/9. Suppose 13*n - 4 = g*n. What is the units digit of ((-123 - -8)/(-5))/(n/7)?
1
Suppose -4*r + 12 = 4. Suppose -9 = -n - r*n. What is the units digit of ((-15)/(-20))/(n/8)?
2
Let p = 44034 + -27470. What is the hundreds digit of p?
5
Let r(a) = -43*a - 23. Let m be ((-81)/18 + 0 + 4)*10. What is the units digit of r(m)?
2
What is the ten thousands digit of (0 - -13534) + (-88)/(-32)*-4 + 7?
1
What is the thousands digit of (-52)/(-546) - (117451/(-21) + -2)?
5
What is the hundreds digit of (-2)/((-6)/(-21)) - (-4250 + -36)?
2
Suppose 5*f - 101996 = -7*a, 4*a - 7441 = -2*f + 50845. What is the ten thousands digit of a?
1
Let k(v) be the second derivative of v**5/20 + 7*v**4/12 - 7*v**3/6 - 2*v + 447. Let r = 1 - 8. What is the units digit of k(r)?
9
Let h(a) = -28*a**2 + 3*a + 2. Let b be (9/(-18))/(1/2). Let j be h(b). Let m = 84 + j. What is the tens digit of m?
5
Let n be (-2 - -3)*(-6)/(15/5). Let g be n/(-3) + -1 - 12438/(-54). Let f = g + -122. What is the hundreds digit of f?
1
What is the units digit of 26/(-13) - -14 - -3896?
8
Let d(o) = -3*o - 7. Let y = 16 + 20. Let r be (9/12)/((21/y)/(-7)). What is the tens digit of d(r)?
2
Let m(s) be the second derivative of s**4/12 + s**3/6 - s + 5. Let i be m(0). Suppose 6*x - 943 - 203 = i. What is the tens digit of x?
9
Let s = 58 - 93. Let q = s - -55. What is the tens digit of -2*(-3)/7*(q - -1)?
1
Let u = 147 - 143. Suppose u*t + 5*f - f - 3024 = 0, -5*t + 5*f = -3810. What is the tens digit of t?
5
Let r(u) = u**3 - 22*u**2 - 10*u - 48. Let h(s) = -s**3 + 22*s**2 - 22*s + 44. Let v be h(21). What is the tens digit of r(v)?
5
Let q = 1968 - -4687. What is the tens digit of q?
5
Suppose -1549559 + 9437663 = 222*v. What is the hundreds digit of v?
5
Let x(v) = v**3 + v**2 - 35*v + 5. Let i be x(5). What is the units digit of 617*4*5/i*-1?
7
Let d = -2947 - -5858. What is the tens digit of d?
1
Let l = 40018 + -27594. What is the thousands digit of l?
2
Let c be 4/18 - (-18)/(-81). Suppose -5*b - 4*y = 462, c = -4*b - 3*y - 78 - 291. What is the hundreds digit of (-19250)/b + 1/9?
2
Suppose 7*h - 5 - 16 = 0. Suppose -3 + 9 = h*u. Suppose -3*o = -5*b - 123, 4*b + 34 = -u*o + 138. What is the units digit of o?
6
Let y(s) be the third derivative of -s**6/120 - 7*s**5/60 + s**4/12 - 7*s**3/6 + 3*s**2. Let b = 411 - 420. What is the tens digit of y(b)?
3
Suppose 0 = 3*w + 22 - 28. Suppose -m + 128 = y + 3*m, 146 = y - w*m. What is the units digit of y?
0
Let f = 21 + 14. Suppose 4*g - 134 = -14. What is the tens digit of f/(-2)*(-192)/g?
1
Suppose 6 = h + 5*y - 20, 5*h - y = 0. What is the units digit of (3/(-5))/((10/(-650))/h)?
9
Suppose 0 = 5*f - 11 - 49. Suppose f = v + 12. Suppose -r + 57 + 36 = v. What is the tens digit of r?
9
Suppose 2*a + 60 = 178. Suppose -5*u + a = 5*c - 2*c, -4*u = -c - 37. Let k(d) = d**3 - 12*d**2 + 24*d + 6. What is the tens digit of k(u)?
4
Suppose -3*y + 5899 = -5*d, 0*d = -5*d + 20. Suppose 1550 - 4005 = -5*p + 5*g, 4*p + 5*g - y = 0. What is the tens digit of p?
9
Let y(r) = 103*r**3 + r**2 - r + 7. Suppose -103*j = -97*j - 12. What is the units digit of y(j)?
3
Suppose -33*w = -3*r - 35*w + 57249, -2*r - 4*w = -38142. What is the tens digit of r?
8
Let g(b) = 6*b - 8. Let y(u) = u**3 + 10*u**2 + 11*u + 21. Let x be y(-9). Let r be g(x). Let p = 76 - r. What is the tens digit of p?
6
What is the thousands digit of 0 - -12*(20/70 - 45188/(-112))?
4
Let x = -40 + 43. Suppose 0 = -2*d - 2*v + 512, -d + 4*d - 782 = 4*v. Suppose x*c - d = 138. What is the units digit of c?
2
Suppose 4*t + 4*t = 2*t. Suppose -2*j - 6*j + 3912 = t. What is the units digit of j?
9
Let i(k) = -1128*k - 242. What is the hundreds digit of i(-1)?
8
Suppose -2*w = -w, -4*w + 630 = 5*s. Let k = s - 122. Suppose 0 = -k*t - 4*o + 556, 9*t - 4*t = o + 695. What is the units digit of t?
9
Let a = 15826 + -5650. What is the hundreds digit of a?
1
Let a = 65 - 58. Suppose a*c = 61 + 464. What is the units digit of c?
5
What is the hundreds digit of 2447*2 + 35*(-16)/112?
8
Let w(x) = -4601*x - 1194. What is the tens digit of w(-4)?
1
Suppose 2*r + 4*x = 20, 4*r - 8*r - 4*x + 40 = 0. What is the tens digit of 6946/460 + (-1)/r?
1
Let k = 17469 - 16445. What is the hundreds digit of k?
0
Suppose -1091 = -4*s - m, 3*m + 263 = s - 0*s. Let v = -36 + s. What is the tens digit of v?
3
Let s = 37 + -35. What is the tens digit of (1365 + 29)/(s + 0)?
9
Suppose 4*d - 4*o = 4, -2*d - 18 = -o + 3*o. Let i = 372 + -378. What is the tens digit of 633/6 - i/d?
0
Suppose -r + 16 = 4*q - 2*q, -5*r = -q + 30. Let m be 152/(-26) + 40/(-260). What is the units digit of (15/q)/(m/(-20))?
5
Suppose -12847 - 3515 = -6*s. What is the tens digit of s/8 + 2/16?
4
Let x(b) = 86*b - 15. Let u = 351 + -339. What is the units digit of x(u)?
7
Let d(h) = -h**2 + 6*h - 16. Let f(k) = 2*k**2 - 25*k + 16. Let w be f(12). Let v be d(w). Let y(t) = -9*t - 33. What is the tens digit of y(v)?
3
What is the units digit of (28765/(-20))/((-4)/16)?
3
Let g(t) = 76*t - 162. Let v be g(16). Let x = v - -102. What is the hundreds digit of x?
1
Let p(z) = -234*z - 19. Let x be p(-1). Let q = 478 + x. What is the tens digit of q?
9
Suppose 0 = -5*o + 2*a + 38859, 5*o - 5*a - 31257 = 7608. What is the thousands digit of o?
7
Let a be (-114)/(-22) - 10/55. Suppose 8*d = -a*d - 351. Let r = d + 121. What is the tens digit of r?
9
Let r(h) = h**3 + 6*h**2 - 4. Let p be r(3). Let l = p + 24. What is the tens digit of l?
0
Suppose -5*d - 48*a = -52*a - 11850, 0 = 4*d + a - 9459. What is the tens digit of d?
6
Let w = 301 - 178. Let u = 130 - w. What is the units digit of u?
7
Suppose j + 3*j - 12 = -2*a, -4*j + 5*a - 2 = 0. Suppose w = -j*d - 2*d + 9, -w + 23 = -3*d. Let m(l) = 6*l + 77. What is the hundreds digit of m(w)?
1
Let u(m) = m**3 + 26*m**2 - 37*m + 32. Let l be u(-27). Let d = l - -32. What is the hundreds digit of d?
3
Let h(r) = -2*r**3 - r**2 + 1. Let t(d) = 5*d**3 - 4*d**2 + 13*d + 35. Let v(c) = -3*h(c) - t(c). What is the tens digit of v(-6)?
7
Let b(p) = -8*p**2 - 3*p + 5. Let v be b(6). Let m = 15714 + -15134. Let a = v + m. What is the units digit of a?
9
Suppose -7001 = 11*o - 25459. Let m = o + -824. What is the hundreds digit of m?
8
Let c be 39 + -40 - (0 - -29). Let w = 95 + c. What is the tens digit of w?
6
Suppose 2*x = -0*x - 5*a + 1, x - 4*a = 7. Suppose -3*p = -5*q + 4462, -x*p = 2*p + 20. What is the hundreds digit of q?
8
Let q = -97 + 107. Suppose -5*u + q*u = 1835. What is the units digit of u?
7
Let v(x) = -14*x**3 - 2*x**2 - 5*x - 4. Suppose 10 = -5*o + 5*n, -32 = -3*o - 4*n - 59. What is the hundreds digit of v(o)?
7
Let i be (4 + -4)/4 + 8. Let g(s) = -s + 11. Let o be g(i). Suppose -5*j = 5*v - 1060, -2*j - o*j = 5. What is the units digit of v?
3
Let u be 23/2*(4 - 2). Suppose 2*c - 632 + 70 = 0. Suppose -u = -4*i + c. What is the tens digit of i?
7
Let c = -1441 - -799. What is the tens digit of ((-1)/6*-9)/((-3)/c)?
2
Suppose -3*v + 6*v = 4*f + 6, 0 = 2*f + 2*v - 4. Suppose f = 6*h - 14*h + 24. What is the hundreds digit of -4 + h/2*712/6?
1
Let q(t) be the first derivative of 